
Suppose g + 18 = 21. Suppose -q - g*q + 160 = 0. Calculate the highest common divisor of q and 5.
5
Suppose 57 = 5*d - 18. Let r be 189/d + (-6)/10. Suppose r = 2*t - 0. Calculate the highest common divisor of t and 6.
6
Let v be (10 - (-10 + 6))*(2 - 1). Suppose -36 + v = -g. What is the highest common divisor of 2 and g?
2
Let n = -107 + 108. Let x be (n/(4/(-168)))/(4/(-6)). Suppose 2*a + 1 = -7*y + 2*y, 0 = -a - 5*y - 8. Calculate the greatest common divisor of x and a.
7
Let w(o) = 5*o - 2. Suppose 0 = 2*k - 5 + 7. Let j(f) = -1. Let q(t) = k*w(t) + 2*j(t). Let p be q(-2). Calculate the highest common factor of p and 10.
10
Let c = -875 - -1027. What is the highest common factor of 8 and c?
8
Let s be -3*(-3 + 40/12). Let f = s + -25. Let k be f/5*(-15)/6. Calculate the highest common divisor of 91 and k.
13
Suppose -y + 5*z + 100 = 0, -45*y + 50*y - 2*z = 408. Calculate the highest common divisor of 180 and y.
20
Let d be 2 - (-24)/9 - (-3)/9. Suppose d*o = -5*q + 60, 0 = -2*o + 6*q - 2*q - 6. What is the greatest common factor of o and 112?
7
Let o = -114 - -8. Let d = o - -114. Calculate the highest common divisor of 200 and d.
8
Let h = 2054 + -1264. Calculate the greatest common factor of 20 and h.
10
Suppose -2*c - 4*i = -180, -86 = c - 2*c - 3*i. Let k be 140/c - 3/7. What is the highest common divisor of 4 and k?
1
Let w be (30/(-48)*-4)/((-2)/(-8)). What is the greatest common divisor of w and 35?
5
Suppose 9*f + 745 = 11*f + p, p + 5 = 0. What is the highest common factor of f and 75?
75
Let g(c) = -97*c - 2. Let w be g(-2). Let h be (-11)/(-2) - 1/2. Suppose 438 = h*q - w. What is the highest common factor of q and 14?
14
Suppose 3*w - 2*w - 4*k = 28, 5*w = k + 45. Calculate the highest common divisor of w and 136.
8
Let m = 19 + -12. Suppose 0 = -3*z - 2*t + m*t + 40, 0 = -5*z + 3*t + 88. Calculate the highest common divisor of z and 40.
20
Let o(f) = -12*f - 107. Let c be o(-9). Calculate the greatest common factor of 21 and c.
1
Let v = -22 - -32. What is the greatest common divisor of 170 and v?
10
Let y = 85 + -96. Let i be (y + 19)*2/4. What is the highest common divisor of i and 12?
4
Let t(v) = 89*v**3 - v**2 + v + 1. Let l be t(1). Let j = 28 - 20. Let z(q) = q**2 - 7*q + 2. Let u be z(j). What is the greatest common factor of l and u?
10
Let b(l) = -l**3 + 7*l**2 - 3*l - 1. Let d be b(6). Suppose d = -3*a - 5*f, 3*f - 10 = 5. Let s = 20 + a. Calculate the greatest common divisor of s and 54.
6
Suppose y + 0 = 48. Calculate the highest common divisor of 108 and y.
12
Let l be (60/(-315)*-70)/((-2)/(-72)). Calculate the greatest common factor of l and 150.
30
Let m = -617 + 855. What is the greatest common factor of 56 and m?
14
Let t be ((-13)/13)/(3 + 1178/(-392)). What is the highest common divisor of 84 and t?
28
Let o = 311 + -171. Suppose -o = 4*h - 11*h. What is the greatest common divisor of h and 8?
4
Suppose -54 = -4*o - 3*t, -4*o + 3*t - 42 = -7*o. Let s = -6 + o. Calculate the greatest common divisor of 18 and s.
6
Suppose 0 = 6*x - x - 60. Let s be (-4 + 5/2)*-2. Let m be s/(x/32) - -1. What is the highest common factor of m and 81?
9
Suppose -38*w + 2886 = -25*w. Calculate the highest common factor of 518 and w.
74
Let a(w) be the first derivative of 3*w**4/4 + 2*w + 8. Let v be a(2). Suppose 4*h - v = 6. What is the greatest common factor of 4 and h?
4
Suppose -5*u - 10 = 5*w, 0*u - 3*u + 2*w = -4. Let t be (-6)/(6/(-16) - u). Suppose 530*v - 510*v = 80. What is the greatest common factor of v and t?
4
Let v(c) be the third derivative of -23*c**4/12 - c**3/3 + 25*c**2. Let s be v(-1). What is the highest common factor of s and 176?
44
Let x be (-6*6)/(9/(-102)). Suppose -7*f + x = -4*f. Calculate the highest common divisor of f and 17.
17
Let d(x) = -x**3 - 5*x**2 + 4*x - 7. Let v be d(-6). Suppose 6*q - 84 = v*q. Calculate the highest common divisor of q and 12.
12
Let g = -782 - -848. Calculate the greatest common divisor of g and 88.
22
Suppose -5*m - 25 = 0, -5*n + 681 = -5*m - 364. Suppose 6*q - n - 192 = 0. Calculate the greatest common divisor of 11 and q.
11
Let i(t) = t**3 + 4*t**2 - 2*t - 1. Let d be i(-4). Let v be d*(-4)/(-70)*5. Let x be (-3 + 1 + 9)*v. What is the greatest common divisor of x and 98?
14
Let m = -208 + 325. Calculate the highest common divisor of m and 26.
13
Let x = -19 - -24. Let j(v) = -v**3 + 7*v**2 + v + 5. Let r be j(x). Let u(c) = -3*c - 24. Let d be u(-16). What is the highest common factor of d and r?
12
Suppose -752 = -5*c - 4*j, 2*c + 4*j - 8*j - 312 = 0. Calculate the greatest common factor of c and 38.
38
Let w(t) = 5*t + 10. Let p be w(-5). Suppose -c - 3*d = -4 - 39, c + 2*d = 39. Let j = p + c. What is the highest common factor of 128 and j?
16
Let p = 59 - 23. What is the greatest common factor of 24 and p?
12
Let r = -578 + 608. What is the greatest common divisor of 570 and r?
30
Let d = 890 - 674. What is the greatest common factor of d and 48?
24
Let q(w) = w**2 - w + 4. Let t be q(0). Let f = 30 + -22. Calculate the greatest common factor of f and t.
4
Let d(v) = 3*v + 74. Let m be d(-21). What is the highest common divisor of m and 11?
11
Let m be (((-48)/15)/8)/(4/(-50)). Suppose -4*b - 43 = -5*r, 2*r - m = -3*b + 3. What is the highest common factor of r and 42?
7
Suppose 5*w - 9*w + 1804 = 0. Suppose 3*k + 3*c - 563 = -2*k, -4*k - 3*c = -w. Calculate the greatest common factor of 28 and k.
28
Let s be 33 + 3/6*-2. Suppose 0 = -t + 5*g + s, 5*g = -5*t + 5 + 5. Calculate the highest common divisor of t and 7.
7
Suppose -5 = 5*u - 635. What is the highest common factor of 28 and u?
14
Suppose -2*p + 288 = -0*p. Suppose 2*y - p = -y. What is the greatest common factor of y and 6?
6
Let z be (46/6)/(1/((-12)/(-4))). Calculate the greatest common factor of z and 299.
23
Let p(d) = d**3 - 18*d**2 + 57*d + 14. Let k be p(14). Calculate the greatest common factor of 4 and k.
4
Suppose 5*m - 15 = -0*m. Let l be 70 + -4*(-2)/4. Suppose -2*s = -2*g - l, -s - 2*s = g - 96. What is the highest common factor of m and s?
3
Let y(v) = -74*v**3 + v**2 - 21*v - 21. Let x be y(-1). What is the greatest common divisor of 15 and x?
15
Let f(k) = 4*k**2 - 2*k - 1. Let a be f(-1). Let t(s) = s**2 - 4*s - 7. Let b = -12 - -18. Let w be t(b). Calculate the greatest common divisor of w and a.
5
Let h = -497 + 507. Calculate the greatest common factor of 60 and h.
10
Let t(m) = 9*m**2 - 13*m + 44. Let i be t(4). Calculate the greatest common factor of i and 884.
68
Let z(o) = -o**2 - 13*o + 34. Let j be z(-15). Let k(c) = 5*c**2 + 3*c. Let h be k(-4). Let i = h + -48. What is the highest common factor of j and i?
4
Suppose -507 = -3*m - 4*f, 3*m = -f + 2*f + 492. Calculate the greatest common factor of m and 319.
11
Let i be ((-9)/(-5))/3*5. Suppose -7*r + 40 = -i*r. Let t be 5/r*(-1 + 241). What is the highest common divisor of t and 15?
15
Suppose 0 = 4*s + 11 - 2531. Suppose l - 6*l = -s. Suppose -r - 4*g = -30, 6*g + 40 = 4*r + 2*g. What is the greatest common factor of r and l?
14
Suppose -6*s = -194 + 14. Let y = -18 + s. Suppose 0 = 2*o - 157 - 35. Calculate the highest common factor of y and o.
12
Let q be (-61)/(-3) + (-16)/(-24). Suppose -51*p + 48*p = -q. Let u = 13 + 15. Calculate the highest common divisor of u and p.
7
Let h = 6 - -3. Let q = h - 5. Let d be 217/q - 1/4. Calculate the greatest common factor of d and 36.
18
Let i(p) = -p**3 + 8*p**2 - 2*p - 3. Let d be i(7). Suppose 4*s - 50 = -j, -132 = -3*j - 2*s - d. Calculate the greatest common divisor of j and 10.
10
Let u(k) = -134*k - 20. Let j be u(-9). Let d be 10/30 - j/(-6). What is the greatest common factor of 22 and d?
22
Let h(n) = 18*n + 85. Let f be h(-3). Calculate the greatest common factor of 527 and f.
31
Suppose -5*b - p - 6 = -5*p, 4*b = 5*p - 12. Let k be (b/(-1))/((-2)/48). Let l be (15/(-30))/(2/(-24)). What is the greatest common factor of k and l?
6
Let v(d) = 20*d**2 + 11*d - 18. Let q be v(2). Let w = 108 - q. Calculate the highest common factor of w and 12.
12
Let b be (-4)/30 + 2584/255. Let a be ((-54)/8)/(17/68). Let l = -17 - a. Calculate the greatest common divisor of b and l.
10
Let b = -33 + 27. Let v be 112 - (6/21 - b/(-21)). What is the highest common factor of 16 and